{"id":110,"date":"2025-02-27T14:55:47","date_gmt":"2025-02-27T14:55:47","guid":{"rendered":"https:\/\/wundervogel.de\/?page_id=110"},"modified":"2025-02-27T14:55:47","modified_gmt":"2025-02-27T14:55:47","slug":"whats-new","status":"publish","type":"page","link":"https:\/\/wundervogel.de\/","title":{"rendered":"What&#8217;s new"},"content":{"rendered":"<ul class=\"wp-block-latest-posts__list wp-block-latest-posts\"><li><div class=\"wp-block-latest-posts__featured-image alignleft\"><img loading=\"lazy\" decoding=\"async\" width=\"150\" height=\"96\" src=\"https:\/\/wundervogel.de\/wp-content\/uploads\/2025\/02\/250203m-wundervogel_de-Beitragsbild-150x96.jpg\" class=\"attachment-thumbnail size-thumbnail wp-post-image\" alt=\"\" style=\"\" \/><\/div><a class=\"wp-block-latest-posts__post-title\" href=\"https:\/\/wundervogel.de\/index.php\/2025\/02\/05\/ki-fotos-zum-thema-wundervogel\/\">KI-Fotos zum Thema Wundervogel<\/a><div class=\"wp-block-latest-posts__post-excerpt\"><\/div><\/li>\n<li><div class=\"wp-block-latest-posts__featured-image alignleft\"><img loading=\"lazy\" decoding=\"async\" width=\"150\" height=\"96\" src=\"https:\/\/wundervogel.de\/wp-content\/uploads\/2025\/02\/250203m-wundervogel_de-Beitragsbild-150x96.jpg\" class=\"attachment-thumbnail size-thumbnail wp-post-image\" alt=\"\" style=\"\" \/><\/div><a class=\"wp-block-latest-posts__post-title\" href=\"https:\/\/wundervogel.de\/index.php\/2025\/02\/03\/wissen-und-infos-ueber-wundervogel\/\">Wissen und Infos \u00fcber Wundervogel<\/a><div class=\"wp-block-latest-posts__post-excerpt\">Der Wundervogel ist kein Unbekannter. Hier ist eine Sammlung verschiedener Links und Artikel zum Thema Wundervogel.<\/div><\/li>\n<li><div class=\"wp-block-latest-posts__featured-image alignleft\"><img loading=\"lazy\" decoding=\"async\" width=\"150\" height=\"96\" src=\"https:\/\/wundervogel.de\/wp-content\/uploads\/2025\/02\/250203m-wundervogel_de-Beitragsbild-150x96.jpg\" class=\"attachment-thumbnail size-thumbnail wp-post-image\" alt=\"\" style=\"\" \/><\/div><a class=\"wp-block-latest-posts__post-title\" href=\"https:\/\/wundervogel.de\/index.php\/2025\/02\/03\/logo-fuer-wundervogel-de\/\">Logo f\u00fcr Wundervogel.de<\/a><div class=\"wp-block-latest-posts__post-excerpt\">Erste Entw\u00fcrfe f\u00fcr ein Logo f\u00fcr Wundervogel.de. Das Voting ist \u00fcber die Kommentare m\u00f6glich.<\/div><\/li>\n<li><div class=\"wp-block-latest-posts__featured-image alignleft\"><img loading=\"lazy\" decoding=\"async\" width=\"150\" height=\"96\" src=\"https:\/\/wundervogel.de\/wp-content\/uploads\/2025\/02\/250203m-wundervogel_de-Beitragsbild-150x96.jpg\" class=\"attachment-thumbnail size-thumbnail wp-post-image\" alt=\"\" style=\"\" \/><\/div><a class=\"wp-block-latest-posts__post-title\" href=\"https:\/\/wundervogel.de\/index.php\/2025\/02\/03\/fotos-winter-2024-25\/\">Fotos Winter 2024\/&#8217;25<\/a><div class=\"wp-block-latest-posts__post-excerpt\"><\/div><\/li>\n<\/ul>","protected":false},"excerpt":{"rendered":"","protected":false},"author":1,"featured_media":0,"parent":0,"menu_order":0,"comment_status":"closed","ping_status":"closed","template":"","meta":{"footnotes":""},"class_list":["post-110","page","type-page","status-publish","hentry"],"_links":{"self":[{"href":"https:\/\/wundervogel.de\/index.php\/wp-json\/wp\/v2\/pages\/110","targetHints":{"allow":["GET"]}}],"collection":[{"href":"https:\/\/wundervogel.de\/index.php\/wp-json\/wp\/v2\/pages"}],"about":[{"href":"https:\/\/wundervogel.de\/index.php\/wp-json\/wp\/v2\/types\/page"}],"author":[{"embeddable":true,"href":"https:\/\/wundervogel.de\/index.php\/wp-json\/wp\/v2\/users\/1"}],"replies":[{"embeddable":true,"href":"https:\/\/wundervogel.de\/index.php\/wp-json\/wp\/v2\/comments?post=110"}],"version-history":[{"count":2,"href":"https:\/\/wundervogel.de\/index.php\/wp-json\/wp\/v2\/pages\/110\/revisions"}],"predecessor-version":[{"id":114,"href":"https:\/\/wundervogel.de\/index.php\/wp-json\/wp\/v2\/pages\/110\/revisions\/114"}],"wp:attachment":[{"href":"https:\/\/wundervogel.de\/index.php\/wp-json\/wp\/v2\/media?parent=110"}],"curies":[{"name":"wp","href":"https:\/\/api.w.org\/{rel}","templated":true}]}}